{"id":9,"date":"2022-03-29T11:52:56","date_gmt":"2022-03-29T11:52:56","guid":{"rendered":"https:\/\/sandbox.matheratte.ch\/?page_id=9"},"modified":"2022-06-03T20:57:04","modified_gmt":"2022-06-03T20:57:04","slug":"background","status":"publish","type":"page","link":"https:\/\/staging.matheratte.ch\/?page_id=9","title":{"rendered":"Background"},"content":{"rendered":"\n<div class=\"wp-block-media-text alignwide is-stacked-on-mobile is-vertically-aligned-top\"><figure class=\"wp-block-media-text__media\"><img loading=\"lazy\" width=\"500\" height=\"560\" src=\"https:\/\/staging.matheratte.ch\/wp-content\/uploads\/2022\/06\/matheratte_2.jpg\" alt=\"\" class=\"wp-image-263 size-full\" srcset=\"https:\/\/staging.matheratte.ch\/wp-content\/uploads\/2022\/06\/matheratte_2.jpg 500w, https:\/\/staging.matheratte.ch\/wp-content\/uploads\/2022\/06\/matheratte_2-268x300.jpg 268w\" sizes=\"(max-width: 500px) 100vw, 500px\" \/><\/figure><div class=\"wp-block-media-text__content\">\n<h1>Kinder mit Dyskalkulie sind clever!<\/h1>\n\n\n\n<p><\/p>\n\n\n\n<h2>Was ist Dyskalkulie?<\/h2>\n\n\n\n<p>Von einer Dyskalkulie wird gesprochen, wenn ein Kind \u00fcber l\u00e4ngere Zeit Probleme beim Rechnen hat, obwohl es clever ist. Es gibt viele Gr\u00fcnde, die einer Dyskalkulie zu Grunde liegen k\u00f6nnen. Oft sind es mangelnde Fundamente, die ein Weiterkommen im mathematischen Bereich verhindern. Manchmal ist es aber auch eine Art Verirrung in einem Dschungel mathematischer Strategien, die f\u00fcr viele Kinder zu fr\u00fch in den Schulen vermittelt werden.<\/p>\n\n\n\n<h2>Wie geht es betroffenen Kindern?<\/h2>\n\n\n\n<p>F\u00fcr betroffene Kinder kann es sehr schwierig werden, im Schulalltag zurecht zu kommen. Obwohl sie sich anstrengen und M\u00fche geben, gelingt es ihnen nicht, erfolgreich zu sein. M\u00f6glicherweise verlieren sie ihr Selbstvertrauen und die Freude am Fach. Zu Hause kommt es nicht selten zu Streit bei den Matheaufgaben.<\/p>\n\n\n\n<p>Es ist wichtig, an die Kinder zu glauben und ihnen gezielt zu helfen. Dabei <a href=\"https:\/\/staging.matheratte.ch\/?page_id=25\" data-type=\"page\" data-id=\"25\">unterst\u00fctze <\/a>ich Sie gerne.<\/p>\n<\/div><\/div>\n","protected":false},"excerpt":{"rendered":"<p>Kinder mit Dyskalkulie sind clever! Was ist Dyskalkulie? Von einer Dyskalkulie wird gesprochen, wenn ein Kind \u00fcber l\u00e4ngere Zeit Probleme beim Rechnen hat, obwohl es clever ist. Es gibt viele Gr\u00fcnde, die einer Dyskalkulie zu Grunde liegen k\u00f6nnen. Oft sind es mangelnde Fundamente, die ein Weiterkommen im mathematischen Bereich verhindern. Manchmal ist es aber auch [&hellip;]<\/p>\n","protected":false},"author":1,"featured_media":0,"parent":0,"menu_order":0,"comment_status":"closed","ping_status":"closed","template":"","meta":[],"_links":{"self":[{"href":"https:\/\/staging.matheratte.ch\/index.php?rest_route=\/wp\/v2\/pages\/9"}],"collection":[{"href":"https:\/\/staging.matheratte.ch\/index.php?rest_route=\/wp\/v2\/pages"}],"about":[{"href":"https:\/\/staging.matheratte.ch\/index.php?rest_route=\/wp\/v2\/types\/page"}],"author":[{"embeddable":true,"href":"https:\/\/staging.matheratte.ch\/index.php?rest_route=\/wp\/v2\/users\/1"}],"replies":[{"embeddable":true,"href":"https:\/\/staging.matheratte.ch\/index.php?rest_route=%2Fwp%2Fv2%2Fcomments&post=9"}],"version-history":[{"count":19,"href":"https:\/\/staging.matheratte.ch\/index.php?rest_route=\/wp\/v2\/pages\/9\/revisions"}],"predecessor-version":[{"id":267,"href":"https:\/\/staging.matheratte.ch\/index.php?rest_route=\/wp\/v2\/pages\/9\/revisions\/267"}],"wp:attachment":[{"href":"https:\/\/staging.matheratte.ch\/index.php?rest_route=%2Fwp%2Fv2%2Fmedia&parent=9"}],"curies":[{"name":"wp","href":"https:\/\/api.w.org\/{rel}","templated":true}]}}