{"id":23,"date":"2022-03-29T11:51:52","date_gmt":"2022-03-29T11:51:52","guid":{"rendered":"https:\/\/sandbox.matheratte.ch\/?page_id=23"},"modified":"2022-06-03T20:57:36","modified_gmt":"2022-06-03T20:57:36","slug":"angebot","status":"publish","type":"page","link":"https:\/\/staging.matheratte.ch\/?page_id=23","title":{"rendered":"Angebot"},"content":{"rendered":"\n<div class=\"wp-block-media-text alignwide is-stacked-on-mobile is-vertically-aligned-top\"><figure class=\"wp-block-media-text__media\"><img loading=\"lazy\" width=\"500\" height=\"560\" src=\"https:\/\/staging.matheratte.ch\/wp-content\/uploads\/2022\/06\/matheratte_3.jpg\" alt=\"\" class=\"wp-image-264 size-full\" srcset=\"https:\/\/staging.matheratte.ch\/wp-content\/uploads\/2022\/06\/matheratte_3.jpg 500w, https:\/\/staging.matheratte.ch\/wp-content\/uploads\/2022\/06\/matheratte_3-268x300.jpg 268w\" sizes=\"(max-width: 500px) 100vw, 500px\" \/><\/figure><div class=\"wp-block-media-text__content\">\n<h1>In der Dyskalkulie-Therapie werden die Probleme an der Wurzel gepackt<\/h1>\n\n\n\n<h2>Im Vordergrund stehen die Gedankeng\u00e4nge<\/h2>\n\n\n\n<p>In der Dyskalkulie-Therapie arbeite ich im 1:1 Setting mit Ihrem Kind. Es geht darum, die Entwicklung mathematischer Fertigkeiten gezielt zu unterst\u00fctzen und an den mathematischen Fundamenten zu arbeiten. Im Vordergrund stehen nicht das \u201eRichtig\u201c oder \u201eFalsch\u201c, sondern die Gedankeng\u00e4nge, die zu einem Resultat f\u00fchren.&nbsp;<\/p>\n\n\n\n<h2>Innere Bilder&nbsp;<\/h2>\n\n\n\n<p>Ihr Kind soll keine Resultate von Rechnungen auswendig lernen, sondern innere Bilder und Verst\u00e4ndnis f\u00fcr den Zahlenraum aufbauen.<\/p>\n\n\n\n<h2>Automatisationstraining<\/h2>\n\n\n\n<p>Parallel dazu erfolgt ein Automatisationstraining, damit Gelerntes immer schnell abgerufen werden kann.&nbsp; T\u00e4gliches \u00dcben geh\u00f6rt zum Programm. Die \u00dcbungen sind so angelegt, dass sie vom Kind ohne Stress und selbst\u00e4ndig durchgef\u00fchrt werden k\u00f6nnen.<\/p>\n\n\n\n<h2>Lernfreude<\/h2>\n\n\n\n<p>Zur Therapie geh\u00f6ren immer auch auflockernde Gespr\u00e4che und Spiele. Sie tragen zu einer guten Beziehung und freudiger Stimmung bei.&nbsp;<\/p>\n<\/div><\/div>\n","protected":false},"excerpt":{"rendered":"<p>In der Dyskalkulie-Therapie werden die Probleme an der Wurzel gepackt Im Vordergrund stehen die Gedankeng\u00e4nge In der Dyskalkulie-Therapie arbeite ich im 1:1 Setting mit Ihrem Kind. Es geht darum, die Entwicklung mathematischer Fertigkeiten gezielt zu unterst\u00fctzen und an den mathematischen Fundamenten zu arbeiten. Im Vordergrund stehen nicht das \u201eRichtig\u201c oder \u201eFalsch\u201c, sondern die Gedankeng\u00e4nge, die [&hellip;]<\/p>\n","protected":false},"author":1,"featured_media":0,"parent":0,"menu_order":0,"comment_status":"closed","ping_status":"closed","template":"","meta":[],"_links":{"self":[{"href":"https:\/\/staging.matheratte.ch\/index.php?rest_route=\/wp\/v2\/pages\/23"}],"collection":[{"href":"https:\/\/staging.matheratte.ch\/index.php?rest_route=\/wp\/v2\/pages"}],"about":[{"href":"https:\/\/staging.matheratte.ch\/index.php?rest_route=\/wp\/v2\/types\/page"}],"author":[{"embeddable":true,"href":"https:\/\/staging.matheratte.ch\/index.php?rest_route=\/wp\/v2\/users\/1"}],"replies":[{"embeddable":true,"href":"https:\/\/staging.matheratte.ch\/index.php?rest_route=%2Fwp%2Fv2%2Fcomments&post=23"}],"version-history":[{"count":10,"href":"https:\/\/staging.matheratte.ch\/index.php?rest_route=\/wp\/v2\/pages\/23\/revisions"}],"predecessor-version":[{"id":268,"href":"https:\/\/staging.matheratte.ch\/index.php?rest_route=\/wp\/v2\/pages\/23\/revisions\/268"}],"wp:attachment":[{"href":"https:\/\/staging.matheratte.ch\/index.php?rest_route=%2Fwp%2Fv2%2Fmedia&parent=23"}],"curies":[{"name":"wp","href":"https:\/\/api.w.org\/{rel}","templated":true}]}}